1. Let w(h) = -h**3 - 6*h**2 - 6*h - 1. Let c(x) = -4*n(x) + w(x). Let v = 25 - 30. Calculate c(v).
0
Let s = -132 + 132. Let q(i) = i - 1 + 4*i**2 - 5*i**2 - i**3 - 2. What is q(s)?
-3
Let z(f) = -22*f**3 + 21*f**3 + 0*f + 2 - 7 - 3*f + 6*f**2. Suppose 3*d - 7 = 8. Determine z(d).
5
Let p(g) = g - 1. Suppose w + q - 4 = 2*w, -2*w = -3*q + 12. Suppose -5*d + 10 = -w. What is p(d)?
1
Let l(z) = 2*z - 5 + 2*z - 5*z. Let x(f) = f - 6. Suppose 3*n - 2 = 16. Let m be x(n). Determine l(m).
-5
Let c(j) be the second derivative of -j**3/6 - 3*j**2 - 2*j. Suppose -7 = -5*a + 18. Give c(a).
-11
Let p(c) = c**3 + 2 + c**2 - 4*c - 3*c**2 + 0*c. Let a = -35 - -38. What is p(a)?
-1
Let r(t) = -t + 3. Let h be r(0). Suppose -3*m + 14 = 2*i, i + 5*m - h*m = 9. Let k(j) = 7*j**2 + 2*j - 1. Give k(i).
8
Let p(o) = -o**2 + 2*o + 1. Suppose 1 = -3*m - d, 0*m - 2*m - 14 = -2*d. Give p(m).
-7
Let f(i) = 9*i**2 - 14*i - 3. Let h(p) = -6*p**2 + 9*p + 2. Let g(w) = 5*f(w) + 8*h(w). Calculate g(2).
-7
Suppose -7*s - 54 = -13*s. Let d(a) = -a**3 + 8*a**2 + 11*a - 12. Give d(s).
6
Let d(o) = -2*o - 4. Let z(c) = 3*c**3 + 3*c + 2*c**2 + 0*c - 4*c**3 - 1 + 3. Let b be z(3). Suppose -6*n - 12 = -b*n. Calculate d(n).
2
Let n(k) = -k**3 - 3*k**2 + 2*k - 4. Let f be 5/(-2) - (-2 - 35/(-14)). Determine n(f).
-10
Let h(g) = -5. Let k = 20 - 18. Let s(x) = -x + 15. Let z(j) = k*s(j) + 7*h(j). Give z(-6).
7
Let z(h) be the third derivative of 0*h**3 + 0*h + 0 - 5*h**2 - 1/24*h**4. Suppose -7*x = -2*x - 5. Determine z(x).
-1
Let y be ((-2)/4)/(3/54). Let w(c) = -c**2 - 9*c - 6. Calculate w(y).
-6
Let n(h) = -h - 1. Let i = 6 + 9. Let v be 20/(-14)*49/(-14). Suppose 0 = 2*c + 2*b - 4 - 0, i = v*b. What is n(c)?
0
Let g(b) = b**3 - b**2 - b - 3. Let l be g(2). Let a(d) be the third derivative of d**6/10 - d**3/6 + d**2. Determine a(l).
-13
Suppose r - 18 = -3*k, -4*k - 3*r + 23 = -2*r. Let z(x) = -x**3 + x**2 - x + 6. Let y(c) = 2*c**3 - 3*c**2 + 3*c - 11. Let p(m) = k*z(m) + 2*y(m). Give p(0).
8
Let q(u) = -2*u**2 - 2*u + 1. Let k be 1/((-2)/4 - -1). Suppose 0 = k*b - 2*l + l - 6, 0 = 2*b - 4*l - 18. What is q(b)?
-3
Let h(n) = -3*n + 3*n - 4 - n + 2. Calculate h(-2).
0
Let y(j) = 4*j**3 + 11*j**2 - 11*j + 28. Let p(u) be the first derivative of u**4/4 + u**3 - 3*u**2/2 + 7*u + 9. Let k(c) = 9*p(c) - 2*y(c). Determine k(-6).
1
Suppose -7 - 9 = 2*g. Let b(t) = 2*t + 12. What is b(g)?
-4
Let k(d) = 3*d**2 - 3*d - 9. Let l(r) = -r**2 + 2*r + 4. Let t(q) = -2*k(q) - 5*l(q). Let h(p) be the first derivative of t(p). Give h(-5).
6
Let r = 12 - 5. Let s be r/3 - 1/3. Let c(y) = -3*y + 2*y + 4 - s. Determine c(3).
-1
Let b(w) = 7*w. Let l(s) = s**2 - s + 1. Let z be l(1). Let m = z + 0. Determine b(m).
7
Let f(m) = -3*m + 5. Suppose -5*a - 5*b + 20 + 20 = 0, -5*a + 8 = -3*b. Calculate f(a).
-7
Suppose -4*a + 5*b = 16, 0*a + 2*b + 8 = -2*a. Let r(v) = v + 2. What is r(a)?
-2
Let a(r) be the second derivative of -r**5/20 + r**4/12 - 7*r**2/2 - 2*r. Calculate a(0).
-7
Let b(d) = d + 1. Let r = 10 - 5. Let h(f) = 2*f + f**3 + r - 4*f**2 + 0*f**2 - 7*f. Let z(i) = -2*b(i) + h(i). Calculate z(5).
-7
Let p(h) be the second derivative of h**5/20 + h**4/3 - 7*h**3/6 - 2*h**2 + 9*h. Determine p(-5).
6
Let j = 4 + 0. Let n(a) = 6 + a - 5 + j + 1. Give n(-5).
1
Let v(g) = -3*g + 2. Let o(d) = 2*d - 2. Let p = 11 + -15. Let r(a) = p*v(a) - 5*o(a). Calculate r(-4).
-6
Let n(z) = z - 1. Let y be n(2). Let w = 1 + y. Let i(h) be the second derivative of -h**4/6 + h**3/3 - h**2 + 2*h. What is i(w)?
-6
Let n(o) = -11 - o - 10 + 22 - 3*o. Give n(4).
-15
Suppose 5*d = -4*h - 28, -3*d + 21 = -3*h - 8*d. Let q(v) = -v**3 - 6*v**2 + 7*v + 6. Calculate q(h).
6
Let o(u) = -u**3 - 3*u**2 + 5*u + 2. Suppose -20 = 8*a - 3*a. Determine o(a).
-2
Let f = -54 + 59. Let x(q) = q - 5. What is x(f)?
0
Let u(c) = -5*c**2 + 4*c + 3. Let m(r) = -4*r**2 + 3*r + 3. Let i(k) = 6*m(k) - 5*u(k). Let n(o) be the first derivative of i(o). What is n(-3)?
-8
Let l(u) = -u - 3. Let d(o) = -1. Let y(p) = -9*d(p) + 2*l(p). Let t(n) = -3*n + 5. Let a(w) = 5*t(w) - 8*y(w). Calculate a(-3).
-2
Let q(h) = 5*h**3 + 2*h**2 + 2*h + 1. Suppose 0*p + 3*a = -p - 8, -6 = -3*p - 3*a. Let d = p + -2. Suppose 3*z + 3*y - 2 = -z, z = -3*y + d. What is q(z)?
-4
Let v(w) = 5*w + 6. Let c be v(-3). Let i(k) = k + 5. Calculate i(c).
-4
Let r(m) = -7*m - 2. Let u = 4 - 7. Let l(i) = 13*i + 3. Let s(p) = u*l(p) - 5*r(p). Calculate s(1).
-3
Let l(x) = -8*x. Let w = -27 + 26. Let s(k) = k. Let p(d) = w*l(d) + 2*s(d). What is p(1)?
10
Let z be (1/1)/(2/10). Let j(b) = 2*b - 3. Let l be j(2). Let h(c) = -l - 2*c + 2*c - c. Calculate h(z).
-6
Suppose -l + 2*l = 2*i + 12, l - 16 = 3*i. Let o(v) be the third derivative of 1/60*v**5 - v**2 + 5/24*v**4 + 1/2*v**3 + 0 + 0*v. Give o(i).
-1
Suppose -y + 0*y - 2 = 0. Let x(d) = -d - 5. Let g be x(-9). Let r(b) = -g + b**3 + 2 + 2*b + 4*b**2 - 2*b. What is r(y)?
6
Let d = -12 + 10. Let y be (-2 - -2)/(0 - -2). Let g(z) = 2*z - 2*z**2 - z + y*z + 2. What is g(d)?
-8
Suppose -7*s + s = 0. Let b(t) = t**2 + t - 17. What is b(s)?
-17
Suppose r - 10 = -3*z + 4*z, -3*r = 3*z. Let u(s) = -s - 9. Let h(a) = -a - 10. Let n(f) = 6*h(f) - 7*u(f). Calculate n(z).
-2
Let m(u) = -u**2 + 4*u - 1. Suppose -6*d = -4*d - 38. Let l = 22 - d. Calculate m(l).
2
Let u(j) = -j**2 - 3*j + 2. Let x be u(-3). Let a be (-4 + x)*(-2)/4. Let l(f) = 5*f**3 - f**2 + 2*f - 1. What is l(a)?
5
Let q(l) = -l - 1. Let z(n) = n + 6. Let a be z(-7). Let c(j) = 8*j + 5. Let g(x) = a*c(x) - 4*q(x). Calculate g(-3).
11
Let m(l) = 2*l**3 - 4*l**2 + 4*l - 2. Suppose d = -2*d + 12. Suppose d*v = -20, -5*f + f - 5*v = 17. Calculate m(f).
6
Let q(l) = l**3 - 6*l**2 - 8*l + 4. Suppose 0 = 5*f + 1 - 36. Give q(f).
-3
Let s(j) = 2*j - 1. Let g be (-6 + 4 - -1)*1. What is s(g)?
-3
Let a(x) = -x**2 + 4*x + 2. Let d = 6 - 3. Give a(d).
5
Let n(c) = -3*c**2 + 2*c - 1. Let r = -24 + 25. Calculate n(r).
-2
Let b(j) = -5*j + 1. Let m(t) = -2*t**2 + 2*t**3 + 4*t - t**2 + 6*t**2 + 3. Let y be m(-2). Let z be 2*(y/6 + 2). Give b(z).
-4
Let i(y) be the third derivative of -y**6/360 - y**3/3 - y**2. Let k(j) be the first derivative of i(j). Let x be (-2)/(-4)*(-2 - -2). Give k(x).
0
Suppose -2*h - h - 18 = 0. Let t = h + 7. Suppose -t = b + l + 5, 3*b - 3*l = 12. Let x(n) = -3*n**2 + n + 1. Determine x(b).
-3
Let l(y) be the second derivative of -y**5/20 - 5*y**4/6 - 5*y**3/3 - 3*y**2 - y. Let h be l(-9). Let j(f) = -f. What is j(h)?
-3
Let u be 0/(2*-1) - 0. Suppose 100 = 5*d - u*d + 2*t, 5*d - 100 = 5*t. Suppose p + 5*f = 11, -2*f - d = -5*p - 46. Let l(m) = -m**2 - 6*m - 1. What is l(p)?
7
Let f(y) = 5*y**3 - 5 + y + 0*y + 4 - 2*y**3. Determine f(1).
3
Let d(j) = -j**2 - 3*j + 4. Let s be d(-6). Let q be 5/(-25) - s/(-5). Let r(b) = b**2 + 4*b - 1. Calculate r(q).
-4
Let n(v) = -v**2 - v. Let h(x) = -2*x**3 - 10*x**2 - 10*x - 3. Let b(l) = h(l) - 6*n(l). Determine b(-2).
5
Let j(m) be the first derivative of m**3/3 + 5*m**2 - 13*m - 1. Let q be j(-11). Let o(y) = 4 + 2*y - 2 + 2*y + 3*y**2. Give o(q).
6
Let o(x) = -x + 6. Let m(k) = 6*k - 30. Let p(z) = 4*m(z) + 21*o(z). Let v(j) = -2 + 0*j + j**2 + j**3 - j + 0. Let r be v(-2). Determine p(r).
-6
Let b(w) = w**2 + 6*w - 7. Let j be b(-7). Let q be 3 + (1 - j) + -2. Let m(p) = -2*p**2 + 2*p - 1 + 0*p**2 + p**q. Calculate m(-2).
-9
Let n be 2 + (-19)/4 - 4/16. Let g(d) be the third derivative of d**5/60 + d**4/6 + 2*d**3/3 + d**2. Determine g(n).
1
Let q(u) = -4*u**2 + 5*u - 5. Let y(g) = -7*g**2 + 10*g - 9. Let z(i) = 5*q(i) - 3*y(i). What is z(4)?
-2
Let f(l) = 0*l - 4*l - 2*l**2 + 12*l + 3 - 10*l. Determine f(2).
-9
Let v(j) = 5*j**3 - j**2 - 5*j - 1. Let x(z) = -9*z**3 + 2*z**2 + 9*z + 2. Let u(i) = -5*v(i) - 3*x(i). Suppose 0 = -3*m + m - 2. Determine u(m).
-2
Let m(o) be the second derivative of -1/12*o**4 + 0 + 2/3*o**3 - 3*o + 1/2*o**2. Calculate m(4).
1
Let j(z) = z**3 - 8*z**2 + 8*z - 6. Let i be (2/((-4)/(-7)))/(56/112). Calculate j(i).
1
Let x(i) = -2 + i - 11 + 0. What is x(0)?
-13
Let g(h) = -h**2 - h. Let i be ((-2)/(-3))/(10/45). Let p(s) = -s**3 + 2*s**2 - 2*s + 1. Let r be p(2). Let a = r + i. Determine g(a).
0
Let x(v) = -3*v - 4. Let n(h) = -h - 1. Let i(l) = -4*n(l) + x(l). Let w = 0 - -3. What is i(w)?
3
